What is the ten thousands digit of 143111560?
1
What is the hundred thousands digit of 228506309?
5
What is the hundred thousands digit of 127403450?
4
What is the hundreds digit of 252577836?
8
What is the ten thousands digit of 224863837?
6
What is the billions digit of 4323114607?
4
What is the millions digit of 503670943?
3
What is the hundred thousands digit of 360128452?
1
What is the ten thousands digit of 3532362496?
6
What is the units digit of 131664607?
7
What is the millions digit of 770124829?
0
What is the hundreds digit of 192513809?
8
What is the ten millions digit of 2380894207?
8
What is the ten millions digit of 5008528724?
0
What is the billions digit of 2031409236?
2
What is the hundreds digit of 7586283?
2
What is the thousands digit of 7890937?
0
What is the hundred millions digit of 698612322?
6
What is the tens digit of 482012?
1
What is the billions digit of 3240897993?
3
What is the hundred millions digit of 1001879566?
0
What is the hundreds digit of 89958768?
7
What is the millions digit of 1261593801?
1
What is the millions digit of 15553264?
5
What is the millions digit of 2402068?
2
What is the tens digit of 16924197?
9
What is the millions digit of 48391977?
8
What is the hundred thousands digit of 13793048?
7
What is the ten thousands digit of 90109553?
0
What is the ten millions digit of 61046475?
6
What is the units digit of 87367876?
6
What is the ten thousands digit of 121922885?
2
What is the tens digit of 279567828?
2
What is the hundred millions digit of 335158211?
3
What is the units digit of 667760468?
8
What is the millions digit of 46216904?
6
What is the hundred thousands digit of 98553438?
5
What is the units digit of 41416417?
7
What is the ten thousands digit of 5808660829?
6
What is the hundreds digit of 68799359?
3
What is the tens digit of 937269473?
7
What is the millions digit of 97615718?
7
What is the thousands digit of 5381251?
1
What is the ten millions digit of 337351302?
3
What is the hundreds digit of 25687973?
9
What is the hundreds digit of 56899014?
0
What is the hundred thousands digit of 1076452049?
4
What is the hundreds digit of 776638675?
6
What is the units digit of 44180824?
4
What is the units digit of 179607765?
5
What is the units digit of 106396904?
4
What is the thousands digit of 40801576?
1
What is the tens digit of 328549786?
8
What is the millions digit of 514107621?
4
What is the hundred thousands digit of 479931471?
9
What is the units digit of 274590171?
1
What is the ten thousands digit of 69180585?
8
What is the millions digit of 31549740?
1
What is the hundreds digit of 153992951?
9
What is the thousands digit of 3936771275?
1
What is the hundreds digit of 45578239?
2
What is the ten thousands digit of 23424623?
2
What is the units digit of 210332271?
1
What is the millions digit of 5712081865?
2
What is the ten thousands digit of 5853644198?
4
What is the hundred millions digit of 598846855?
5
What is the units digit of 8031259?
9
What is the millions digit of 144601800?
4
What is the ten thousands digit of 352297515?
9
What is the ten millions digit of 58157569?
5
What is the ten thousands digit of 183646855?
4
What is the ten millions digit of 84463257?
8
What is the thousands digit of 1736613929?
3
What is the hundreds digit of 1449049172?
1
What is the ten millions digit of 256962330?
5
What is the millions digit of 34715605?
4
What is the hundred millions digit of 3009923622?
0
What is the hundreds digit of 177044017?
0
What is the hundreds digit of 34589211?
2
What is the ten thousands digit of 3359634810?
3
What is the hundred millions digit of 1069313398?
0
What is the millions digit of 577671142?
7
What is the tens digit of 1398853036?
3
What is the thousands digit of 9111446210?
6
What is the tens digit of 4551732502?
0
What is the hundred thousands digit of 10132340?
1
What is the ten millions digit of 1005907836?
0
What is the hundreds digit of 110655375?
3
What is the ten millions digit of 1530797274?
3
What is the units digit of 389899108?
8
What is the tens digit of 828458971?
7
What is the hundreds digit of 1533208399?
3
What is the hundred millions digit of 144449634?
1
What is the units digit of 5674095514?
4
What is the hundreds digit of 170468258?
2
What is the hundreds digit of 2055983089?
0
What is the hundred thousands digit of 114334299?
3
What is the thousands digit of 3408622138?
2
What is the thousands digit of 315009701?
9
What is the ten thousands digit of 497331782?
3
What is the thousands digit of 200694347?
4
What is the ten thousands digit of 13807360?
0
What is the units digit of 1234819640?
0
What is the thousands digit of 10374718?
4
What is the hundred thousands digit of 616682654?
6
What is the units digit of 236486436?
6
What is the hundred millions digit of 462951448?
4
What is the millions digit of 64526532?
4
What is the ten thousands digit of 67678768?
7
What is the thousands digit of 39371855?
1
What is the tens digit of 9697928?
2
What is the ten millions digit of 1685297976?
8
What is the thousands digit of 27804580?
4
What is the thousands digit of 182497887?
7
What is the units digit of 7340038017?
7
What is the hundred thousands digit of 18567480?
5
What is the hundred millions digit of 120821077?
1
What is the hundred millions digit of 349679147?
3
What is the hundred thousands digit of 1276734826?
7
What is the ten millions digit of 61812525?
6
What is the hundreds digit of 339843455?
4
What is the hundred millions digit of 337459116?
3
What is the ten millions digit of 2498108951?
9
What is the ten thousands digit of 2610845636?
4
What is the ten thousands digit of 9567961?
6
What is the ten thousands digit of 89573753?
7
What is the ten millions digit of 962830545?
6
What is the units digit of 62510814?
4
What is the hundreds digit of 98949632?
6
What is the thousands digit of 14064898?
4
What is the tens digit of 1494782661?
6
What is the ten thousands digit of 617103124?
0
What is the thousands digit of 339141990?
1
What is the thousands digit of 68870521?
0
What is the ten thousands digit of 134683124?
8
What is the hundred thousands digit of 406054582?
0
What is the hundreds digit of 902433663?
6
What is the tens digit of 2029617547?
4
What is the ten millions digit of 2821509466?
2
What is the thousands digit of 42904675?
4
What is the millions digit of 3431612441?
1
What is the hundred thousands digit of 230314249?
3
What is the units digit of 2994808378?
8
What is the hundred thousands digit of 15374870?
3
What is the hundred millions digit of 265144307?
2
What is the hundreds digit of 127819142?
1
What is the thousands digit of 365649782?
9
What is the ten millions digit of 100368226?
0
What is the thousands digit of 127765149?
5
What is the hundred thousands digit of 67999117?
9
What is the hundred thousands digit of 1484965686?
9
What is the hundreds digit of 1381005?
0
What is the millions digit of 86778394?
6
What is the hundred millions digit of 3129126906?
1
What is the hundred thousands digit of 49143227?
1
What is the thousands digit of 715104984?
4
What is the tens digit of 34532811?
1
What is the thousands digit of 283644955?
4
What is the hundreds digit of 59196965?
9
What is the tens digit of 87758567?
6
What is the tens digit of 36012246?
4
What is the thousands digit of 145740340?
0
What is the hundreds digit of 263408756?
7
What is the hundred thousands digit of 138335080?
3
What is the ten thousands digit of 157328227?
2
What is the hundreds digit of 305317540?
5
What is the tens digit of 224783478?
7
What is the millions digit of 5460446589?
0
What is the units digit of 7050713?
3
What is the millions digit of 519774376?
9
What is the tens digit of 338651011?
1
What is the millions digit of 839248270?
9
What is the hundred thousands digit of 104259979?
2
What is the hundred millions digit of 254041164?
2
What is the tens digit of 47307773?
7
What is the millions digit of 976429556?
6
What is the hundred millions digit of 809887850?
8
What is the tens digit of 653610788?
8
What is the hundred thousands digit of 27206758?
2
What is the units digit of 188475611?
1
What is the hundreds digit of 1436975363?
3
What is the tens digit of 2052259670?
7
What is the units digit of 105416